units digit of a?
7
Let m be -10 + 10 + 2*-3. Let b = m + 6. Suppose 0 = 2*v, 2*w + b*v = -v + 6. What is the units digit of w?
3
Let n(r) = r + 6 - 4 + 8. Let a be n(-8). Suppose 18 = 5*s - a*s. What is the units digit of s?
6
Let i(r) = -3*r**3 - 3 - 2*r**2 - r**3 + 2 + 3*r**3. What is the units digit of i(-3)?
8
Let a be (0/(-2))/(2 - 1). Suppose -4*f + 2*y - 18 = -8, a = -2*f - y + 1. What is the units digit of (f + -17)*4/(-12)?
6
Let z = -6 - -10. Suppose z*s + 8 = 0, -4*s - 12 + 0 = -4*i. What is the units digit of -1 - (-5 - (i + 0))?
5
Let j(q) = q**2 - q - 26. What is the tens digit of j(-6)?
1
Let n(s) = -s - 3. Let a be n(0). Let y be a/1 + (-4 - -3). Let t(r) = r**2 - 5. What is the tens digit of t(y)?
1
Let x(f) = -f**3 - 3*f**2 + 6*f - 3. Let o be x(-5). Suppose -4*b = 4*y - 20, 2*y - 3*b - 42 = -o. Suppose -y*s + 3*s + 35 = 0. What is the units digit of s?
7
Let y be 28/42*(171 + 0). Suppose 44 = -2*n + y. What is the units digit of n?
5
Suppose 0 = n + 2 - 5. Let m(h) = -6*h - 4. Let f(w) = -6*w - 3. Let q(a) = -3*f(a) + 2*m(a). What is the units digit of q(n)?
9
Suppose 4*o - o - 1684 = -5*u, 5*u + 4*o = 1682. What is the hundreds digit of u?
3
Let t = -252 - -443. What is the tens digit of t?
9
Let u(n) be the first derivative of n**2/2 - 9*n + 1. Let c be u(6). What is the units digit of ((-4)/c)/((-2)/(-3))?
2
Let y(z) = -z**3 + 21. Let c be y(0). Suppose -c = 4*r + 35. What is the tens digit of 576/42 + (-4)/r?
1
Let q(l) = 3*l - 1. Let v be q(1). Suppose -2*x - v*t - 4 = 0, x = 6*x - 5*t - 10. What is the units digit of 5 - (-1 + x - -3)?
3
Suppose i - 5*q = -22, i - 7 + 1 = -2*q. What is the units digit of i/3 + 92/12?
7
Let y = -128 - -250. What is the units digit of y?
2
Let y = 48 + -31. What is the units digit of y?
7
Suppose 0 = 4*x - 2*x. Suppose -t + x*t = -1. Let a = 7 + t. What is the units digit of a?
8
Let q(p) = -5*p**3 - 4*p**2 + p + 6. What is the tens digit of q(-3)?
0
Let j(g) = g**2 - 4*g + 13. Let s(z) = -z - 1. Let n(y) = j(y) - 5*s(y). What is the units digit of n(0)?
8
Let y(a) = 5*a + 2. What is the tens digit of y(6)?
3
Suppose -3*f = o - 4*f - 5, 3*f + 24 = 4*o. What is the units digit of o?
9
What is the hundreds digit of (340/(-6))/(13/(-39))?
1
Let c = -16 - -23. What is the units digit of c?
7
Let b = -24 - -53. Suppose 0 = 3*g - 6*m + m - 72, -3*m + b = 2*g. What is the units digit of g?
9
Suppose -50 - 75 = -5*d. What is the tens digit of d?
2
Suppose -20 = 3*x - 5*v, -2*v + 5 = 4*x - 5*x. What is the units digit of (-10)/x*111/2?
7
Suppose 0 = 5*g - 2*j - 8 + 1, 0 = -4*g - 5*j + 32. Suppose g*x - 7*x = -8. What is the units digit of x?
2
Suppose 16*g - 3*g = 2015. What is the units digit of g?
5
Suppose 121 = 3*m + 4*n, -6*m = -m + n - 213. Let g = m + -30. Let x = g + -6. What is the units digit of x?
7
Suppose 2 = -5*s - g, 0 = 2*g + 4 - 0. Suppose k = -2*n - 5, 3*k + 0 = -3*n - 12. Let y = s - n. What is the units digit of y?
1
What is the tens digit of (-1808)/(-40) - 2/10?
4
Let b(y) = -9*y - 5 - y**2 + 1 - 3. Let m = -11 - -4. What is the units digit of b(m)?
7
Let u(p) = 4*p**3 + p**2 - 2*p + 1. Let q be u(1). Suppose 2*x = -3*h + 14, -2*h - 3 = -x + q. What is the units digit of (-80)/(-14) + 2/x?
6
Let b be (-2 + (-15)/(-6))*8. Suppose 0 = -b*m + 12 + 32. What is the tens digit of m?
1
Let v(y) = 2*y**2 - 5*y + 2. Let o be v(3). Let u = o - 2. Let w = u - 1. What is the units digit of w?
2
Suppose -3*m - 2*m - 3*d = 76, 80 = -4*m + 4*d. Let t = m + 57. What is the units digit of t?
0
Suppose -2*y + 10 = -6. Let i = y + -5. What is the units digit of i?
3
Suppose 0 = -3*y - 2*c - c + 15, 5*c = -2*y + 19. What is the units digit of y?
2
Let k(v) = 8*v - 6 + 0 + 11*v**2 + v**3 + 2. What is the units digit of k(-10)?
6
Let c(z) = -7*z - 9. Let o(a) = a - 1. Let b(v) = c(v) + 2*o(v). Let w be b(-8). Suppose -w = -5*p - 4. What is the units digit of p?
5
Let u(l) = -10*l - 36. What is the tens digit of u(-10)?
6
Let i(d) = 7*d - 31. What is the tens digit of i(12)?
5
Suppose -22 = -3*t + 14. Suppose 0 = 4*n + n, -n = -3*r + t. What is the units digit of r?
4
Suppose -6 = l - 4*l. Suppose 4*y = -5*c + 22 + 15, 0 = -l*c - 2*y + 16. What is the units digit of c?
5
Suppose 2*r + 4 = 3*r. Suppose r*v = 5*u - 68, 26 = -2*u + 4*u - v. What is the tens digit of u?
1
Let b be (3/(-3) + 0)*-2. Let c(z) be the first derivative of 5*z**3/3 - z**2 - z - 2. What is the units digit of c(b)?
5
Suppose 0 = -3*h + 4*h + 6. What is the units digit of (-1)/((1 + 2)/h)?
2
Let l be (8/(-10))/(1/(-5)). Let t(m) = m - 3. Let h be t(l). What is the units digit of (2/(-6))/(h/(-9))?
3
Let s(x) = -x**3 - 11*x**2 + 11*x - 10. Suppose -56 = -4*n - 0*n. Suppose -h - n = -2. What is the units digit of s(h)?
2
Suppose -6*l + 54 = -36. What is the units digit of l?
5
Let k(t) = -t**3 - 11*t**2 + 25*t + 31. What is the hundreds digit of k(-14)?
2
What is the tens digit of 111/2*(-16)/(-24)?
3
Suppose 0 = 4*m - 7 - 17. Suppose y + m = 3*y. Suppose -v - 4*j = j - 16, 0 = -y*v + 3*j + 30. What is the tens digit of v?
1
Suppose 0 = -4*w - 4 - 4. Let h = w - -12. What is the tens digit of h?
1
Let r be -11 + 8 + 1 + 4. Suppose v - r = 32. What is the units digit of v?
4
Suppose -4*w = -4*s - 56, -4*w + 61 = 3*s - 16. What is the tens digit of w?
1
Suppose 4*j + 188 = 4*p, 3*p = 6*p + 5*j - 109. What is the tens digit of p?
4
Let n(u) = -2*u + 1. Let a = -1 + -4. What is the tens digit of n(a)?
1
Suppose -2*c = g - 58 - 258, -158 = -c + 3*g. What is the units digit of c?
8
Let h(n) = -n + 19. Let w be h(13). What is the units digit of (22/w)/(6/18)?
1
Let a(i) be the third derivative of -i**4/6 + 3*i**2. Let b be a(-2). Suppose z - b = -3*z. What is the units digit of z?
2
Let h = 27 + -51. Let j = -17 - h. What is the units digit of j?
7
Let v = 8 - 3. Suppose 7 = q + 2*d, -4 = 3*q - v*d - 36. What is the units digit of q?
9
Suppose -16 = 7*o - 9*o. What is the units digit of o?
8
Suppose 3*m = -4*b - 16, -5 + 1 = -2*m + b. Let y(v) = v**2 + v + 10. What is the tens digit of y(m)?
1
Let k = 1 + -1. Suppose -5 = -4*h - k*h + 3*l, 0 = 4*h - 4*l. Suppose 0 = -h*i + 5*a + 70, 13 - 1 = 3*a. What is the tens digit of i?
1
Let a = 1 - 1. Suppose a = -2*u - s - 1, -3*u + 5*u = -2*s - 6. What is the units digit of (u + -1)/((-2)/(-4))?
2
Let o be 4/6*306/12. Let v = -7 + o. What is the tens digit of v?
1
Let q(t) = -t**3 + 8*t**2 - 3*t + 11. Let r be q(8). Let x = -37 - -58. Let w = r + x. What is the units digit of w?
8
Suppose 0 = -i - 0*i - 2. Let s be (-2)/i - (-2)/1. Suppose -s*p = -0*p - 24. What is the units digit of p?
8
Let u = -41 - -7. Let n be u/(-10) + (-6)/15. Suppose n*h + 0*h = 12. What is the units digit of h?
4
Let o = 12 + -26. Let c = o + 20. What is the units digit of c?
6
Let k(p) = -p. Let x(g) = -2*g - 17. Let t(f) = 3*k(f) - x(f). Let c = -8 + 16. What is the units digit of t(c)?
9
Let g(x) = x**2 - 5*x - 3. Suppose -5*m - 12 = -32. Let u be g(m). Let a = u - -14. What is the units digit of a?
7
What is the tens digit of (-305)/(-5)*(0 + 1)?
6
Let z(k) = -k + 8. Suppose -a + 0 = -7. What is the units digit of z(a)?
1
What is the tens digit of (-3 + -16)*(-14 + (-4 - -6))?
2
Let v = 517 + -363. What is the tens digit of v?
5
Let d = 74 + -40. What is the units digit of d?
4
Suppose 5*z - 125 = -5. What is the units digit of z?
4
Let c(p) = 3*p**2 + 5*p - 1. What is the units digit of c(-4)?
7
Let o be -1 + 1 - -1 - -4. Suppose 2 + 23 = o*s. What is the units digit of s?
5
Let c = -166 - -240. What is the tens digit of c?
7
Let n(d) = d**2 + 7*d - 40. What is the units digit of n(11)?
8
Suppose -2*x - n + 7 = 0, 5*n - 3*n + 18 = 4*x. Suppose -5*r + 25 = 0, -1 = -5*l + r + x. What is the units digit of l?
2
Let b = 34 + -18. What is the units digit of 2/6 + b/6?
3
What is the tens digit of 33 + 3 + (-1)/1?
3
Let k be 2/6 + 32/12. Suppose 2*w - 18 = k*r - 6*r, 5*w + 15 = 0. What is the units digit of r?
8
Suppose 0 = -3*g + 5*g - 4. What is the units digit of (-7 + g)/(-3 + 2)?
5
Let c(r) = 4 + 5 + r + 0 + 2. What is the units digit of c(-5)?
6
Let a(o) = 3*o**2 + 2*o + 4. What is the units digit of a(-5)?
9
What is the units digit of 435/5 - (-2 - -5)?
4
What is the tens digit of (-6)/21 + (-1 - 634/(-14))?